{"id":1297,"date":"2023-04-18T17:38:38","date_gmt":"2023-04-18T15:38:38","guid":{"rendered":"https:\/\/www.campingdecruas.com\/alentours\/pierrelatte\/"},"modified":"2024-03-18T16:45:19","modified_gmt":"2024-03-18T15:45:19","slug":"pierrelatte","status":"publish","type":"alentours","link":"https:\/\/www.campingdecruas.com\/de\/alentours\/pierrelatte\/","title":{"rendered":"Pierrelatte"},"content":{"rendered":"\n<div class=\"wp-block-cover alignfull is-light\"><span aria-hidden=\"true\" class=\"has-background-dim-0 wp-block-cover__gradient-background has-background-dim\"><\/span><img width=\"2560\" height=\"1707\" class=\"wp-block-cover__image-background wp-image-581\" alt=\"Pont d'Arc in der N\u00e4he von Pierrelatte\" src=\"https:\/\/www.campingdecruas.com\/wp-content\/uploads\/2023\/03\/thomas-bormans-eu5X8Ge5aDs-unsplash-scaled.jpg\" style=\"object-position:50% 25%\" data-object-fit=\"cover\" data-object-position=\"50% 25%\" srcset=\"https:\/\/www.campingdecruas.com\/wp-content\/uploads\/2023\/03\/thomas-bormans-eu5X8Ge5aDs-unsplash-scaled.jpg 2560w, https:\/\/www.campingdecruas.com\/wp-content\/uploads\/2023\/03\/thomas-bormans-eu5X8Ge5aDs-unsplash-300x200.jpg 300w, https:\/\/www.campingdecruas.com\/wp-content\/uploads\/2023\/03\/thomas-bormans-eu5X8Ge5aDs-unsplash-1024x683.jpg 1024w, https:\/\/www.campingdecruas.com\/wp-content\/uploads\/2023\/03\/thomas-bormans-eu5X8Ge5aDs-unsplash-768x512.jpg 768w, https:\/\/www.campingdecruas.com\/wp-content\/uploads\/2023\/03\/thomas-bormans-eu5X8Ge5aDs-unsplash-1536x1024.jpg 1536w, https:\/\/www.campingdecruas.com\/wp-content\/uploads\/2023\/03\/thomas-bormans-eu5X8Ge5aDs-unsplash-2048x1365.jpg 2048w\" sizes=\"(max-width: 2560px) 100vw, 2560px\" \/><div class=\"wp-block-cover__inner-container\">\n<p class=\"has-text-align-center has-large-font-size\"><\/p>\n<\/div><\/div>\n\n\n\n<div class=\"wp-block-media-text alignfull has-media-on-the-right is-stacked-on-mobile is-image-fill H-05 has-blanc-color has-bleu-fonce-background-color has-text-color has-background\"><figure class=\"wp-block-media-text__media\" style=\"background-image:url(https:\/\/www.campingdecruas.com\/wp-content\/uploads\/2023\/03\/237-tourisme-crocodiles-pierrelatte-540x278-1.jpg);background-position:50% 50%\"><img width=\"540\" height=\"278\" src=\"https:\/\/www.campingdecruas.com\/wp-content\/uploads\/2023\/03\/237-tourisme-crocodiles-pierrelatte-540x278-1.jpg\" alt=\"Krokodil von Pierrelatte\" class=\"wp-image-796 size-full\" srcset=\"https:\/\/www.campingdecruas.com\/wp-content\/uploads\/2023\/03\/237-tourisme-crocodiles-pierrelatte-540x278-1.jpg 540w, https:\/\/www.campingdecruas.com\/wp-content\/uploads\/2023\/03\/237-tourisme-crocodiles-pierrelatte-540x278-1-300x154.jpg 300w\" sizes=\"(max-width: 540px) 100vw, 540px\" \/><\/figure><div class=\"wp-block-media-text__content\">\n<h1 id=\"le-sourire-des-crocodiles-1\">Das L\u00e4cheln der Krokodile<\/h1>\n\n\n\n<p>Sie werden von der Stadt des Felsens, ihrer Legende, den gepflasterten Gassen, den runden Dachziegeln, den blumengeschm\u00fcckten Balkonen und den bunten M\u00e4rkten verzaubert sein. Staunen und Nervenkitzel sind auf der Krokodilfarm garantiert: Europas gr\u00f6\u00dfter Park, der der Entdeckung von Reptilien und Krokodilen gewidmet ist!<\/p>\n<\/div><\/div>\n","protected":false},"template":"","meta":[],"acf":[],"_links":{"self":[{"href":"https:\/\/www.campingdecruas.com\/de\/wp-json\/wp\/v2\/alentours\/1297"}],"collection":[{"href":"https:\/\/www.campingdecruas.com\/de\/wp-json\/wp\/v2\/alentours"}],"about":[{"href":"https:\/\/www.campingdecruas.com\/de\/wp-json\/wp\/v2\/types\/alentours"}],"wp:attachment":[{"href":"https:\/\/www.campingdecruas.com\/de\/wp-json\/wp\/v2\/media?parent=1297"}],"curies":[{"name":"wp","href":"https:\/\/api.w.org\/{rel}","templated":true}]}}

<div class="wp-block-cover alignfull is-light"><span aria-hidden="true" class="has-background-dim-0 wp-block-cover__gradient-background has-background-dim"></span><img width="2560" height="1707" class="wp-block-cover__image-background wp-image-581" alt="Pont d'Arc in der Nähe von Pierrelatte" src="https://www.campingdecruas.com/wp-content/uploads/2023/03/thomas-bormans-eu5X8Ge5aDs-unsplash-scaled.jpg" style="object-position:50% 25%" data-object-fit="cover" data-object-position="50% 25%" srcset="https://www.campingdecruas.com/wp-content/uploads/2023/03/thomas-bormans-eu5X8Ge5aDs-unsplash-scaled.jpg 2560w, https://www.campingdecruas.com/wp-content/uploads/2023/03/thomas-bormans-eu5X8Ge5aDs-unsplash-300x200.jpg 300w, https://www.campingdecruas.com/wp-content/uploads/2023/03/thomas-bormans-eu5X8Ge5aDs-unsplash-1024x683.jpg 1024w, https://www.campingdecruas.com/wp-content/uploads/2023/03/thomas-bormans-eu5X8Ge5aDs-unsplash-768x512.jpg 768w, https://www.campingdecruas.com/wp-content/uploads/2023/03/thomas-bormans-eu5X8Ge5aDs-unsplash-1536x1024.jpg 1536w, https://www.campingdecruas.com/wp-content/uploads/2023/03/thomas-bormans-eu5X8Ge5aDs-unsplash-2048x1365.jpg 2048w" sizes="(max-width: 2560px) 100vw, 2560px" /><div class="wp-block-cover__inner-container">
<p class="has-text-align-center has-large-font-size"></p>
</div></div>



<div class="wp-block-media-text alignfull has-media-on-the-right is-stacked-on-mobile is-image-fill H-05 has-blanc-color has-bleu-fonce-background-color has-text-color has-background"><figure class="wp-block-media-text__media" style="background-image:url(https://www.campingdecruas.com/wp-content/uploads/2023/03/237-tourisme-crocodiles-pierrelatte-540x278-1.jpg);background-position:50% 50%"><img width="540" height="278" src="https://www.campingdecruas.com/wp-content/uploads/2023/03/237-tourisme-crocodiles-pierrelatte-540x278-1.jpg" alt="Krokodil von Pierrelatte" class="wp-image-796 size-full" srcset="https://www.campingdecruas.com/wp-content/uploads/2023/03/237-tourisme-crocodiles-pierrelatte-540x278-1.jpg 540w, https://www.campingdecruas.com/wp-content/uploads/2023/03/237-tourisme-crocodiles-pierrelatte-540x278-1-300x154.jpg 300w" sizes="(max-width: 540px) 100vw, 540px" /></figure><div class="wp-block-media-text__content">
<h1 id="le-sourire-des-crocodiles-1">Das Lächeln der Krokodile</h1>



<p>Sie werden von der Stadt des Felsens, ihrer Legende, den gepflasterten Gassen, den runden Dachziegeln, den blumengeschmückten Balkonen und den bunten Märkten verzaubert sein. Staunen und Nervenkitzel sind auf der Krokodilfarm garantiert: Europas größter Park, der der Entdeckung von Reptilien und Krokodilen gewidmet ist!</p>
</div></div>
