{"id":1289,"date":"2023-04-18T17:36:02","date_gmt":"2023-04-18T15:36:02","guid":{"rendered":"https:\/\/www.campingdecruas.com\/alentours\/saint-vincent-de-barres\/"},"modified":"2024-06-06T14:18:41","modified_gmt":"2024-06-06T12:18:41","slug":"saint-vincent-de-barres","status":"publish","type":"alentours","link":"https:\/\/www.campingdecruas.com\/de\/alentours\/saint-vincent-de-barres\/","title":{"rendered":"Saint-Vincent-de-Barr\u00e8s"},"content":{"rendered":"\n<div class=\"wp-block-cover alignfull is-light\"><span aria-hidden=\"true\" class=\"has-background-dim-0 wp-block-cover__gradient-background has-background-dim\"><\/span><img width=\"2560\" height=\"1707\" class=\"wp-block-cover__image-background wp-image-581\" alt=\"Ard\u00e8che-Tal in Saint Vincent de Barr\u00e8s\" src=\"https:\/\/www.campingdecruas.com\/wp-content\/uploads\/2023\/03\/thomas-bormans-eu5X8Ge5aDs-unsplash-scaled.jpg\" style=\"object-position:50% 25%\" data-object-fit=\"cover\" data-object-position=\"50% 25%\" srcset=\"https:\/\/www.campingdecruas.com\/wp-content\/uploads\/2023\/03\/thomas-bormans-eu5X8Ge5aDs-unsplash-scaled.jpg 2560w, https:\/\/www.campingdecruas.com\/wp-content\/uploads\/2023\/03\/thomas-bormans-eu5X8Ge5aDs-unsplash-300x200.jpg 300w, https:\/\/www.campingdecruas.com\/wp-content\/uploads\/2023\/03\/thomas-bormans-eu5X8Ge5aDs-unsplash-1024x683.jpg 1024w, https:\/\/www.campingdecruas.com\/wp-content\/uploads\/2023\/03\/thomas-bormans-eu5X8Ge5aDs-unsplash-768x512.jpg 768w, https:\/\/www.campingdecruas.com\/wp-content\/uploads\/2023\/03\/thomas-bormans-eu5X8Ge5aDs-unsplash-1536x1024.jpg 1536w, https:\/\/www.campingdecruas.com\/wp-content\/uploads\/2023\/03\/thomas-bormans-eu5X8Ge5aDs-unsplash-2048x1365.jpg 2048w\" sizes=\"(max-width: 2560px) 100vw, 2560px\" \/><div class=\"wp-block-cover__inner-container\">\n<p class=\"has-text-align-center has-large-font-size\"><\/p>\n<\/div><\/div>\n\n\n\n<div class=\"wp-block-media-text alignfull has-media-on-the-right is-stacked-on-mobile is-image-fill H-05 has-blanc-color has-bleu-fonce-background-color has-text-color has-background\"><figure class=\"wp-block-media-text__media\" style=\"background-image:url(https:\/\/www.campingdecruas.com\/wp-content\/uploads\/2023\/03\/233-tourisme-saint-vincent-de-barres-540x278-1.jpg);background-position:50% 50%\"><img width=\"540\" height=\"278\" src=\"https:\/\/www.campingdecruas.com\/wp-content\/uploads\/2023\/03\/233-tourisme-saint-vincent-de-barres-540x278-1.jpg\" alt=\"Stadtzentrum von Saint Vincent de Barr\u00e8s\" class=\"wp-image-780 size-full\" srcset=\"https:\/\/www.campingdecruas.com\/wp-content\/uploads\/2023\/03\/233-tourisme-saint-vincent-de-barres-540x278-1.jpg 540w, https:\/\/www.campingdecruas.com\/wp-content\/uploads\/2023\/03\/233-tourisme-saint-vincent-de-barres-540x278-1-300x154.jpg 300w\" sizes=\"(max-width: 540px) 100vw, 540px\" \/><\/figure><div class=\"wp-block-media-text__content\">\n<h1 id=\"petit-village-de-caractere-1\">Kleines Dorf mit Charakter<\/h1>\n\n\n\n<p>Dieses kleine, charaktervolle Dorf, das in 400 m H\u00f6he auf Kalksteinfelsen thront, ist einen Umweg wert! Als Kulturliebhaber befinden Sie sich hier in einem echten befestigten mittelalterlichen Dorf mit seiner R\u00f6merstra\u00dfe, seinen 2 Schl\u00f6ssern, seiner Stadtmauer, seinen 10 T\u00fcrmen und seinem Bergfried. Seine engen, gewundenen und gepflasterten Stra\u00dfen bieten Gelegenheit zu h\u00fcbschen Spazierg\u00e4ngen in der Geschichte.<\/p>\n<\/div><\/div>\n","protected":false},"template":"","meta":[],"acf":[],"_links":{"self":[{"href":"https:\/\/www.campingdecruas.com\/de\/wp-json\/wp\/v2\/alentours\/1289"}],"collection":[{"href":"https:\/\/www.campingdecruas.com\/de\/wp-json\/wp\/v2\/alentours"}],"about":[{"href":"https:\/\/www.campingdecruas.com\/de\/wp-json\/wp\/v2\/types\/alentours"}],"wp:attachment":[{"href":"https:\/\/www.campingdecruas.com\/de\/wp-json\/wp\/v2\/media?parent=1289"}],"curies":[{"name":"wp","href":"https:\/\/api.w.org\/{rel}","templated":true}]}}

Saint-Vincent-de-Barrès

<div class="wp-block-cover alignfull is-light"><span aria-hidden="true" class="has-background-dim-0 wp-block-cover__gradient-background has-background-dim"></span><img width="2560" height="1707" class="wp-block-cover__image-background wp-image-581" alt="Ardèche-Tal in Saint Vincent de Barrès" src="https://www.campingdecruas.com/wp-content/uploads/2023/03/thomas-bormans-eu5X8Ge5aDs-unsplash-scaled.jpg" style="object-position:50% 25%" data-object-fit="cover" data-object-position="50% 25%" srcset="https://www.campingdecruas.com/wp-content/uploads/2023/03/thomas-bormans-eu5X8Ge5aDs-unsplash-scaled.jpg 2560w, https://www.campingdecruas.com/wp-content/uploads/2023/03/thomas-bormans-eu5X8Ge5aDs-unsplash-300x200.jpg 300w, https://www.campingdecruas.com/wp-content/uploads/2023/03/thomas-bormans-eu5X8Ge5aDs-unsplash-1024x683.jpg 1024w, https://www.campingdecruas.com/wp-content/uploads/2023/03/thomas-bormans-eu5X8Ge5aDs-unsplash-768x512.jpg 768w, https://www.campingdecruas.com/wp-content/uploads/2023/03/thomas-bormans-eu5X8Ge5aDs-unsplash-1536x1024.jpg 1536w, https://www.campingdecruas.com/wp-content/uploads/2023/03/thomas-bormans-eu5X8Ge5aDs-unsplash-2048x1365.jpg 2048w" sizes="(max-width: 2560px) 100vw, 2560px" /><div class="wp-block-cover__inner-container">
<p class="has-text-align-center has-large-font-size"></p>
</div></div>



<div class="wp-block-media-text alignfull has-media-on-the-right is-stacked-on-mobile is-image-fill H-05 has-blanc-color has-bleu-fonce-background-color has-text-color has-background"><figure class="wp-block-media-text__media" style="background-image:url(https://www.campingdecruas.com/wp-content/uploads/2023/03/233-tourisme-saint-vincent-de-barres-540x278-1.jpg);background-position:50% 50%"><img width="540" height="278" src="https://www.campingdecruas.com/wp-content/uploads/2023/03/233-tourisme-saint-vincent-de-barres-540x278-1.jpg" alt="Stadtzentrum von Saint Vincent de Barrès" class="wp-image-780 size-full" srcset="https://www.campingdecruas.com/wp-content/uploads/2023/03/233-tourisme-saint-vincent-de-barres-540x278-1.jpg 540w, https://www.campingdecruas.com/wp-content/uploads/2023/03/233-tourisme-saint-vincent-de-barres-540x278-1-300x154.jpg 300w" sizes="(max-width: 540px) 100vw, 540px" /></figure><div class="wp-block-media-text__content">
<h1 id="petit-village-de-caractere-1">Kleines Dorf mit Charakter</h1>



<p>Dieses kleine, charaktervolle Dorf, das in 400 m Höhe auf Kalksteinfelsen thront, ist einen Umweg wert! Als Kulturliebhaber befinden Sie sich hier in einem echten befestigten mittelalterlichen Dorf mit seiner Römerstraße, seinen 2 Schlössern, seiner Stadtmauer, seinen 10 Türmen und seinem Bergfried. Seine engen, gewundenen und gepflasterten Straßen bieten Gelegenheit zu hübschen Spaziergängen in der Geschichte.</p>
</div></div>
