{"id":1285,"date":"2023-04-18T17:35:13","date_gmt":"2023-04-18T15:35:13","guid":{"rendered":"https:\/\/www.campingdecruas.com\/alentours\/vallon-pont-darc\/"},"modified":"2024-03-18T16:44:42","modified_gmt":"2024-03-18T15:44:42","slug":"vallon-pont-darc","status":"publish","type":"alentours","link":"https:\/\/www.campingdecruas.com\/de\/alentours\/vallon-pont-darc\/","title":{"rendered":"Vallon-Pont-d&#8217;Arc"},"content":{"rendered":"\n<div class=\"wp-block-cover alignfull is-light\"><span aria-hidden=\"true\" class=\"has-background-dim-0 wp-block-cover__gradient-background has-background-dim\"><\/span><img width=\"2560\" height=\"1707\" class=\"wp-block-cover__image-background wp-image-581\" alt=\"Der Pont d'Arc in der N\u00e4he des Campingplatzes\" src=\"https:\/\/www.campingdecruas.com\/wp-content\/uploads\/2023\/03\/thomas-bormans-eu5X8Ge5aDs-unsplash-scaled.jpg\" style=\"object-position:50% 25%\" data-object-fit=\"cover\" data-object-position=\"50% 25%\" srcset=\"https:\/\/www.campingdecruas.com\/wp-content\/uploads\/2023\/03\/thomas-bormans-eu5X8Ge5aDs-unsplash-scaled.jpg 2560w, https:\/\/www.campingdecruas.com\/wp-content\/uploads\/2023\/03\/thomas-bormans-eu5X8Ge5aDs-unsplash-300x200.jpg 300w, https:\/\/www.campingdecruas.com\/wp-content\/uploads\/2023\/03\/thomas-bormans-eu5X8Ge5aDs-unsplash-1024x683.jpg 1024w, https:\/\/www.campingdecruas.com\/wp-content\/uploads\/2023\/03\/thomas-bormans-eu5X8Ge5aDs-unsplash-768x512.jpg 768w, https:\/\/www.campingdecruas.com\/wp-content\/uploads\/2023\/03\/thomas-bormans-eu5X8Ge5aDs-unsplash-1536x1024.jpg 1536w, https:\/\/www.campingdecruas.com\/wp-content\/uploads\/2023\/03\/thomas-bormans-eu5X8Ge5aDs-unsplash-2048x1365.jpg 2048w\" sizes=\"(max-width: 2560px) 100vw, 2560px\" \/><div class=\"wp-block-cover__inner-container\">\n<p class=\"has-text-align-center has-large-font-size\"><\/p>\n<\/div><\/div>\n\n\n\n<div class=\"wp-block-media-text alignfull has-media-on-the-right is-stacked-on-mobile is-image-fill H-05 has-blanc-color has-bleu-fonce-background-color has-text-color has-background\"><figure class=\"wp-block-media-text__media\" style=\"background-image:url(https:\/\/www.campingdecruas.com\/wp-content\/uploads\/2023\/03\/228-tourisme-vallon-pont-d-arc-540x278-1.jpg);background-position:50% 50%\"><img width=\"540\" height=\"278\" src=\"https:\/\/www.campingdecruas.com\/wp-content\/uploads\/2023\/03\/228-tourisme-vallon-pont-d-arc-540x278-1.jpg\" alt=\"Ard\u00e8che-Tal in der N\u00e4he von Vallon Pont d'Arc\" class=\"wp-image-772 size-full\" srcset=\"https:\/\/www.campingdecruas.com\/wp-content\/uploads\/2023\/03\/228-tourisme-vallon-pont-d-arc-540x278-1.jpg 540w, https:\/\/www.campingdecruas.com\/wp-content\/uploads\/2023\/03\/228-tourisme-vallon-pont-d-arc-540x278-1-300x154.jpg 300w\" sizes=\"(max-width: 540px) 100vw, 540px\" \/><\/figure><div class=\"wp-block-media-text__content\">\n<h1 id=\"a-vous-les-gorges-de-l-ardeche\">Auf Sie in den Schluchten der Ard\u00e8che<\/h1>\n\n\n\n<p>Vallon-Pont-d&#8217;Arc, der Ausgangspunkt der Ard\u00e8che-Schlucht, fasziniert durch seinen monumentalen nat\u00fcrlichen Mineralbogen, der den Fluss Ard\u00e8che \u00fcberspannt. Kanu- und Kajakfahrten, wilde Buchten &#8211; der Ort macht Badeg\u00e4ste und Wanderer gl\u00fccklich. Die Br\u00fccke versetzte schon die pr\u00e4historischen Menschen in Erstaunen und inspirierte sicherlich die Zeichnungen in der H\u00f6hle Chauvet-Pont d&#8217;Arc!<\/p>\n<\/div><\/div>\n","protected":false},"template":"","meta":[],"acf":[],"_links":{"self":[{"href":"https:\/\/www.campingdecruas.com\/de\/wp-json\/wp\/v2\/alentours\/1285"}],"collection":[{"href":"https:\/\/www.campingdecruas.com\/de\/wp-json\/wp\/v2\/alentours"}],"about":[{"href":"https:\/\/www.campingdecruas.com\/de\/wp-json\/wp\/v2\/types\/alentours"}],"wp:attachment":[{"href":"https:\/\/www.campingdecruas.com\/de\/wp-json\/wp\/v2\/media?parent=1285"}],"curies":[{"name":"wp","href":"https:\/\/api.w.org\/{rel}","templated":true}]}}

<div class="wp-block-cover alignfull is-light"><span aria-hidden="true" class="has-background-dim-0 wp-block-cover__gradient-background has-background-dim"></span><img width="2560" height="1707" class="wp-block-cover__image-background wp-image-581" alt="Der Pont d'Arc in der Nähe des Campingplatzes" src="https://www.campingdecruas.com/wp-content/uploads/2023/03/thomas-bormans-eu5X8Ge5aDs-unsplash-scaled.jpg" style="object-position:50% 25%" data-object-fit="cover" data-object-position="50% 25%" srcset="https://www.campingdecruas.com/wp-content/uploads/2023/03/thomas-bormans-eu5X8Ge5aDs-unsplash-scaled.jpg 2560w, https://www.campingdecruas.com/wp-content/uploads/2023/03/thomas-bormans-eu5X8Ge5aDs-unsplash-300x200.jpg 300w, https://www.campingdecruas.com/wp-content/uploads/2023/03/thomas-bormans-eu5X8Ge5aDs-unsplash-1024x683.jpg 1024w, https://www.campingdecruas.com/wp-content/uploads/2023/03/thomas-bormans-eu5X8Ge5aDs-unsplash-768x512.jpg 768w, https://www.campingdecruas.com/wp-content/uploads/2023/03/thomas-bormans-eu5X8Ge5aDs-unsplash-1536x1024.jpg 1536w, https://www.campingdecruas.com/wp-content/uploads/2023/03/thomas-bormans-eu5X8Ge5aDs-unsplash-2048x1365.jpg 2048w" sizes="(max-width: 2560px) 100vw, 2560px" /><div class="wp-block-cover__inner-container">
<p class="has-text-align-center has-large-font-size"></p>
</div></div>



<div class="wp-block-media-text alignfull has-media-on-the-right is-stacked-on-mobile is-image-fill H-05 has-blanc-color has-bleu-fonce-background-color has-text-color has-background"><figure class="wp-block-media-text__media" style="background-image:url(https://www.campingdecruas.com/wp-content/uploads/2023/03/228-tourisme-vallon-pont-d-arc-540x278-1.jpg);background-position:50% 50%"><img width="540" height="278" src="https://www.campingdecruas.com/wp-content/uploads/2023/03/228-tourisme-vallon-pont-d-arc-540x278-1.jpg" alt="Ardèche-Tal in der Nähe von Vallon Pont d'Arc" class="wp-image-772 size-full" srcset="https://www.campingdecruas.com/wp-content/uploads/2023/03/228-tourisme-vallon-pont-d-arc-540x278-1.jpg 540w, https://www.campingdecruas.com/wp-content/uploads/2023/03/228-tourisme-vallon-pont-d-arc-540x278-1-300x154.jpg 300w" sizes="(max-width: 540px) 100vw, 540px" /></figure><div class="wp-block-media-text__content">
<h1 id="a-vous-les-gorges-de-l-ardeche">Auf Sie in den Schluchten der Ardèche</h1>



<p>Vallon-Pont-d&#8217;Arc, der Ausgangspunkt der Ardèche-Schlucht, fasziniert durch seinen monumentalen natürlichen Mineralbogen, der den Fluss Ardèche überspannt. Kanu- und Kajakfahrten, wilde Buchten &#8211; der Ort macht Badegäste und Wanderer glücklich. Die Brücke versetzte schon die prähistorischen Menschen in Erstaunen und inspirierte sicherlich die Zeichnungen in der Höhle Chauvet-Pont d&#8217;Arc!</p>
</div></div>
